{"id":6837,"date":"2023-11-16T13:46:59","date_gmt":"2023-11-16T13:46:59","guid":{"rendered":"https:\/\/demo.wpzoom.com\/inspiro-lite-blocks-xml\/?page_id=6837"},"modified":"2026-04-17T23:23:17","modified_gmt":"2026-04-17T20:23:17","slug":"echipa","status":"publish","type":"page","link":"https:\/\/www.icoanei-ioanid.ro\/?page_id=6837","title":{"rendered":"Echipa"},"content":{"rendered":"\n<div style=\"height:var(--wp--preset--spacing--x-small)\" aria-hidden=\"true\" class=\"wp-block-spacer\"><\/div>\n\n\n\n<div class=\"wp-block-group is-style-default has-global-padding is-layout-constrained wp-container-core-group-is-layout-1321d9a7 wp-block-group-is-layout-constrained\" style=\"padding-top:0;padding-right:0;padding-bottom:0;padding-left:0\">\n<div class=\"wp-block-group has-global-padding is-layout-constrained wp-block-group-is-layout-constrained\">\n<div class=\"wp-block-columns is-layout-flex wp-container-core-columns-is-layout-d7d455e7 wp-block-columns-is-layout-flex\" style=\"padding-top:0;padding-right:0;padding-bottom:0;padding-left:0\">\n<div class=\"wp-block-column is-vertically-aligned-top is-layout-flow wp-block-column-is-layout-flow\" style=\"padding-left:0;flex-basis:50%\">\n<p class=\"has-text-color\" style=\"color:#0bb4aa;font-size:clamp(16.834px, 1.052rem + ((1vw - 3.2px) * 0.811), 26px);\"><strong>DESPRE  NOI<\/strong><\/p>\n\n\n\n<p><strong>Grupul de Ini\u021biativ\u0103 Civic\u0103 Icoanei-Ioanid<\/strong>&nbsp;este o comunitate activ\u0103 \u00een inima Bucure\u0219tiului, format\u0103 din reziden\u021bii zonei, unit\u0103 de dorin\u021ba de a proteja \u0219i pune \u00een valoare patrimoniul unuia dintre cele mai emblematice cartiere ale capitalei. Ne propunem s\u0103 men\u021binem un mediu curat \u0219i sigur, s\u0103 \u00eencuraj\u0103m implicarea civic\u0103 \u0219i s\u0103 construim o comunitate bazat\u0103 pe respect \u0219i responsabilitate. Prin \u00eent\u00e2lniri regulate, colabor\u0103ri cu autorit\u0103\u021bile \u0219i evenimente comunitare, d\u0103m voce nevoilor locuitorilor \u0219i contribuim la cre\u0219terea calit\u0103\u021bii vie\u021bii \u00een cartier.<\/p>\n<\/div>\n\n\n\n<div class=\"wp-block-column is-vertically-aligned-top is-layout-flow wp-block-column-is-layout-flow\" style=\"flex-basis:50%\"><\/div>\n<\/div>\n<\/div>\n<\/div>\n","protected":false},"excerpt":{"rendered":"<p>DESPRE NOI Grupul de Ini\u021biativ\u0103 Civic\u0103 Icoanei-Ioanid&nbsp;este o comunitate activ\u0103 \u00een inima Bucure\u0219tiului, format\u0103 din reziden\u021bii zonei, unit\u0103 de dorin\u021ba de a proteja \u0219i pune \u00een valoare patrimoniul unuia dintre cele mai emblematice cartiere ale capitalei. Ne propunem s\u0103 men\u021binem un mediu curat \u0219i sigur, s\u0103 \u00eencuraj\u0103m implicarea civic\u0103 \u0219i s\u0103 construim o comunitate bazat\u0103 &hellip; <\/p>\n<p class=\"link-more\"><a href=\"https:\/\/www.icoanei-ioanid.ro\/?page_id=6837\" class=\"more-link\">Read more<span class=\"screen-reader-text\"> &#8220;Echipa&#8221;<\/span><\/a><\/p>\n","protected":false},"author":1,"featured_media":0,"parent":0,"menu_order":0,"comment_status":"closed","ping_status":"closed","template":"","meta":{"pagelayer_contact_templates":[],"_pagelayer_content":"","inspiro_hide_title":true,"footnotes":""},"class_list":["post-6837","page","type-page","status-publish","hentry"],"featured_media_urls":[],"_links":{"self":[{"href":"https:\/\/www.icoanei-ioanid.ro\/index.php?rest_route=\/wp\/v2\/pages\/6837","targetHints":{"allow":["GET"]}}],"collection":[{"href":"https:\/\/www.icoanei-ioanid.ro\/index.php?rest_route=\/wp\/v2\/pages"}],"about":[{"href":"https:\/\/www.icoanei-ioanid.ro\/index.php?rest_route=\/wp\/v2\/types\/page"}],"author":[{"embeddable":true,"href":"https:\/\/www.icoanei-ioanid.ro\/index.php?rest_route=\/wp\/v2\/users\/1"}],"replies":[{"embeddable":true,"href":"https:\/\/www.icoanei-ioanid.ro\/index.php?rest_route=%2Fwp%2Fv2%2Fcomments&post=6837"}],"version-history":[{"count":13,"href":"https:\/\/www.icoanei-ioanid.ro\/index.php?rest_route=\/wp\/v2\/pages\/6837\/revisions"}],"predecessor-version":[{"id":7289,"href":"https:\/\/www.icoanei-ioanid.ro\/index.php?rest_route=\/wp\/v2\/pages\/6837\/revisions\/7289"}],"wp:attachment":[{"href":"https:\/\/www.icoanei-ioanid.ro\/index.php?rest_route=%2Fwp%2Fv2%2Fmedia&parent=6837"}],"curies":[{"name":"wp","href":"https:\/\/api.w.org\/{rel}","templated":true}]}}